tors of 172854864.
2, 3, 7, 13, 4397
What are the prime factors of 50009053?
17, 41, 157, 457
List the prime factors of 41682577.
523, 79699
What are the prime factors of 1483028419?
29, 43, 1189277
List the prime factors of 47069527.
991, 47497
List the prime factors of 9167076760.
2, 5, 1871, 122489
List the prime factors of 11748222.
2, 3, 41, 15919
List the prime factors of 95040178.
2, 701, 67789
What are the prime factors of 3764198508?
2, 3, 7, 479, 93553
List the prime factors of 9017153.
19, 193, 2459
List the prime factors of 3151300449.
3, 11, 23, 4151911
List the prime factors of 421285211.
17, 24781483
What are the prime factors of 2785174440?
2, 3, 5, 23209787
What are the prime factors of 400545241?
223, 1796167
What are the prime factors of 107564210?
2, 5, 13, 827417
List the prime factors of 522712514.
2, 31, 1907, 4421
List the prime factors of 87212191.
11, 863, 9187
What are the prime factors of 556881729?
3, 307, 604649
What are the prime factors of 832255388?
2, 31, 613, 10949
What are the prime factors of 175813515?
3, 5, 29, 199, 677
What are the prime factors of 2749247906?
2, 53, 25936301
List the prime factors of 162635704.
2, 7, 11, 37717
What are the prime factors of 73729031?
5827, 12653
What are the prime factors of 2807120752?
2, 71, 2471057
List the prime factors of 696067567.
13, 17, 242279
List the prime factors of 122097241.
7, 151, 115513
List the prime factors of 108168367.
108168367
List the prime factors of 1337081189.
173, 823, 9391
List the prime factors of 99449400.
2, 3, 5, 165749
List the prime factors of 5121329980.
2, 5, 13, 19697423
What are the prime factors of 712852303?
712852303
List the prime factors of 4015549865.
5, 803109973
What are the prime factors of 515147007?
3, 171715669
List the prime factors of 42458557.
103, 412219
List the prime factors of 218343418.
2, 109171709
What are the prime factors of 74689612?
2, 97, 192499
What are the prime factors of 261000141?
3, 87000047
What are the prime factors of 6250156157?
7, 197, 331, 13693
List the prime factors of 1032142613.
31, 1663, 20021
List the prime factors of 57465178.
2, 23, 1249243
List the prime factors of 189521942.
2, 94760971
List the prime factors of 37988801.
23, 353, 4679
List the prime factors of 71063607.
3, 23687869
What are the prime factors of 275724880?
2, 5, 61, 56501
List the prime factors of 2104848454.
2, 997, 1055591
List the prime factors of 890241621.
3, 197, 1013, 1487
List the prime factors of 22246318.
2, 293, 37963
List the prime factors of 480419725.
5, 71, 270659
What are the prime factors of 5313820122?
2, 3, 13, 22708633
List the prime factors of 88811110.
2, 5, 8881111
List the prime factors of 50878486.
2, 127, 383, 523
What are the prime factors of 1315078913?
503, 2614471
What are the prime factors of 67180862?
2, 7, 685519
List the prime factors of 228771336.
2, 3, 9532139
What are the prime factors of 109707593?
3691, 29723
List the prime factors of 2641252378.
2, 313, 449, 9397
What are the prime factors of 1065558215?
5, 17, 157, 79847
What are the prime factors of 834036591?
3, 61, 4557577
What are the prime factors of 584967311?
47, 12446113
List the prime factors of 3181641505.
5, 7, 443, 205201
What are the prime factors of 73982329?
23, 53, 137, 443
What are the prime factors of 187589769?
3, 62529923
List the prime factors of 27627466.
2, 13813733
What are the prime factors of 2168624784?
2, 3, 1549, 29167
List the prime factors of 152066076.
2, 3, 229, 55337
List the prime factors of 22193407.
1097, 20231
List the prime factors of 2684856065.
5, 59, 9101207
What are the prime factors of 434646769?
17, 25567457
What are the prime factors of 73066767?
3, 24355589
List the prime factors of 301559469.
3, 19, 41, 129037
List the prime factors of 1053740109.
3, 3121, 112543
List the prime factors of 68724351.
3, 877, 8707
List the prime factors of 623966828.
2, 155991707
List the prime factors of 1544224039.
1544224039
What are the prime factors of 2344554875?
5, 13, 19, 75937
What are the prime factors of 3718655872?
2, 809, 35911
What are the prime factors of 68570840?
2, 5, 13, 163, 809
What are the prime factors of 498958586?
2, 7, 35639899
What are the prime factors of 278499973?
5477, 50849
List the prime factors of 2919631756.
2, 59, 79, 149, 1051
What are the prime factors of 617581743?
3, 2063, 99787
What are the prime factors of 4956748686?
2, 3, 47, 5859041
What are the prime factors of 96714512?
2, 157, 38501
List the prime factors of 494032396.
2, 11, 13, 863693
What are the prime factors of 12539351?
11, 9421
What are the prime factors of 145488457?
97, 1499881
What are the prime factors of 521794225?
5, 20871769
What are the prime factors of 2646890858?
2, 1323445429
List the prime factors of 397078558.
2, 198539279
What are the prime factors of 599261774?
2, 7741, 38707
What are the prime factors of 72950269?
7, 212683
What are the prime factors of 100700842?
2, 11, 4577311
List the prime factors of 273755955.
3, 5, 11, 101, 16427
What are the prime factors of 1299630979?
349, 3723871
What are the prime factors of 1469624629?
11, 23, 941, 6173
List the prime factors of 4291366427.
23, 97, 709, 2713
List the prime factors of 8514525.
3, 5, 107, 1061
List the prime factors of 242628016.
2, 43, 71, 4967
What are the prime factors of 966118854?
2, 3, 61, 2639669
List the prime factors of 666227320.
2, 5, 11, 1514153
List the prime factors of 95692593.
3, 71, 449261
List the prime factors of 5262481209.
3, 1549, 1132447
What are the prime factors of 73547326?
2, 1231, 29873
What are the prime factors of 94329167?
19, 107, 46399
What are the prime factors of 393368128?
2, 43, 142939
What are the prime factors of 154007706?
2, 3, 1009, 25439
List the prime factors of 40247898.
2, 3, 937, 7159
What are the prime factors of 285627327?
3, 137, 694957
What are the prime factors of 125043073?
125043073
List the prime factors of 3848916489.
3, 11, 1811, 64403
What are the prime factors of 358687848?
2, 3, 14945327
What are the prime factors of 1391912866?
2, 151, 4608983
List the prime factors of 1165694786.
2, 23, 25341191
List the prime factors of 17753182.
2, 19, 389, 1201
What are the prime factors of 51632944?
2, 11, 17, 17257
List the prime factors of 2669975038.
2, 19, 1429, 49169
List the prime factors of 509919396.
2, 3, 7, 6070469
List the prime factors of 52241522.
2, 26120761
What are the prime factors of 810797163?
3, 11, 2233601
What are the prime factors of 132100650?
2, 3, 5, 11, 26687
What are the prime factors of 432346658?
2, 216173329
What are the prime factors of 22202478?
2, 3, 411157
List the prime factors of 1042617814.
2, 7, 3089, 24109
What are the prime factors of 530402325?
3, 5, 7072031
List the prime factors of 1892538845.
5, 661, 572629
List the prime factors of 2283868516.
2, 89, 6415361
What are the prime factors of 290239355?
5, 7, 1319, 6287
What are the prime factors of 556229863?
7, 79461409
What are the prime factors of 127325784?
2, 3, 17, 312073
List the prime factors of 417524083.
23, 1109, 16369
What are the prime factors of 647996478?
2, 3, 131, 443, 1861
List the prime factors of 4032863601.
3, 13, 19, 5442461
What are the prime factors of 90057584?
2, 5628599
List the prime factors of 46617230.
2, 5, 11, 17, 97, 257
List the prime factors of 114552941.
114552941
List the prime factors of 33727086.
2, 3, 1873727
List the prime factors of 283016539.
13, 29, 750707
What are the prime factors of 57328344?
2, 3, 47, 5647
List the prime factors of 3731073517.
3731073517
What are the prime factors of 2366943444?
2, 3, 811709
What are the prime factors of 90820420?
2, 5, 4541021
What are the prime factors of 945062397?
3, 11667437
What are the prime factors of 20917266?
2, 3, 61, 67, 853
List the prime factors of 295796664.
2, 3, 1369429
What are the prime factors of 1015378568?
2, 37, 67, 51199
What are the prime factors of 487343358?
2, 3, 281, 32117
What are the prime factors of 174982641?
3, 1049, 55603
What are the prime factors of 2176736315?
5, 13, 2017, 16603
List the prime factors of 217361342.
2, 11, 9880061
What are the prime factors of 4117513364?
2, 2609, 394549
List the prime factors of 4559892547.
7, 651413221
List the prime factors